nder when z(-22) is divided by 29?
8
Suppose 3*q + 18 = 3. Let a be (-3 - (q - -1)) + 54. Suppose a - 187 = -4*x. Calculate the remainder when x is divided by 12.
9
Let c(a) = a**2 - 58*a - 221. What is the remainder when c(62) is divided by 23?
4
Let m be 2/(-6)*0/4. Let i(u) = -u**2 + 2*u + 38. Calculate the remainder when 149 is divided by i(m).
35
Let g(y) = -13*y - 296. Calculate the remainder when 207 is divided by g(-23).
0
Suppose 5*d - 12 = -12. Suppose -3*k - 430 = -5*p, k - 2*k + 5 = d. Calculate the remainder when p is divided by 25.
14
What is the remainder when ((-160)/(-2))/(2 - 1) is divided by -27*(-4 - 12/(-4))?
26
Suppose -75 = -2*n - 3*h, 2*h = -n + 3*h + 25. Suppose -u - n = 2*u. What is the remainder when 32 is divided by (22/u)/(8/(-40))?
10
Calculate the remainder when 3/((-6)/(-4)) - -9 is divided by (-1)/(270/70 + -4).
4
Let a(t) be the second derivative of 11*t**3/2 + 5*t**2/2 - 12*t. Calculate the remainder when a(3) is divided by 21.
20
Suppose -43*p = -10*p - 17754. Calculate the remainder when p is divided by 21.
13
Let z be (-9)/(-4)*(-1248)/(-18). Suppose t - 2*t = 5*l + z, 27 = -l + 4*t. What is the remainder when 7/14 - l/2 is divided by 9?
7
What is the remainder when 72 is divided by 4*16/((-96)/(-99))?
6
Suppose -3*r - 18 = -3*p, -71*r + 68*r + 18 = p. What is the remainder when 27 is divided by p?
0
Let w = 31 + -32. Let r = 0 - w. What is the remainder when 3 is divided by r?
0
Suppose 0*v + 2*y = 5*v - 110, 3*v + 2*y = 50. Let h = -17 + v. What is the remainder when 0 - -9 - (5 - 3) is divided by h?
1
Let i = 0 + -1. Suppose -5*l + 8 = -37. What is the remainder when (3 - 3 - 15)*i is divided by l?
6
What is the remainder when (3/6)/((-548)/184 - -3) is divided by 6?
5
Suppose -5*a = -0*o + 2*o + 95, -4*a - 5*o = 59. Let n be (0 - 22)*(-21)/(-6). What is the remainder when 5 is divided by 2/6 + n/a?
1
Suppose -86 = 3*t + 37. Let a = -36 - t. What is the remainder when 19 is divided by a?
4
Let a(j) = j**2 + j + 1. Let s be a(-1). Let v = s + 49. Let h = v + -3. What is the remainder when h is divided by 16?
15
Let m = -10 - -23. Let y = -32 + -2. Let k = y - -59. Calculate the remainder when k is divided by m.
12
Suppose 0 = -2*k + 28 - 22. Calculate the remainder when (-455)/(-5) - 4 - k is divided by 22.
18
Let a(w) = 3*w**2 - 3*w + 5. What is the remainder when 252 is divided by a(2)?
10
Suppose 9*x - 94 - 473 = 0. Calculate the remainder when 126 is divided by x.
0
Suppose 2498 = a + 4*f, 6*a + f - 5031 = 4*a. Calculate the remainder when a is divided by 42.
40
Suppose -l + 6 = 5. Suppose -f - l = 3*r - 104, 2*r - 3*f - 54 = 0. What is the remainder when 130 is divided by r?
31
Let u = 10 + -2. Let s(o) = o**3 - 9*o**2 + 7*o + 4. Let p be s(u). Let d = 12 + p. What is the remainder when d is divided by 3?
2
Suppose -276 = -2*k + 4*i + i, 2*k - 2*i = 288. Let u = k + -102. What is the remainder when u is divided by 24?
22
Suppose 0*a + 2*a + 13 = n, n - 1 = -2*a. Suppose 40 - 439 = -n*k. What is the remainder when k is divided by 12?
9
Suppose x - 39 = -4*d, -38 = -3*d - 0*d + x. Suppose -2*j = d - 3. Calculate the remainder when 15 is divided by 5*j/(-10)*3.
3
What is the remainder when -1 - 2 - (23 + -141) is divided by 43?
29
Let n = -3 - -22. Suppose -158 = -4*q - s, q = -4*s - n + 66. Calculate the remainder when q is divided by 20.
19
Suppose -a - v = -9, a - 6 = -2*v + 6. Suppose 3*c = -6, g - 4*c - 28 = -10. What is the remainder when g is divided by a?
4
Suppose -2072 = -61*a + 33*a. What is the remainder when 233 is divided by a?
11
Let g(t) = t + 1. Let v(f) = 6*f - 9. Let z(h) = -5*g(h) + v(h). Let p be z(8). Calculate the remainder when 69 is divided by p*(-12)/((-6)/(-2)).
21
Suppose -266 - 138 = -4*w + 4*c, -3*w + 305 = -c. What is the remainder when 197 is divided by w?
95
Let r(s) = 17*s + 9. Let p be r(5). Suppose 0 = -0*j + 5*j + 2*h - p, -j + 2*h = -26. What is the remainder when 56 is divided by j?
16
Suppose 17 = -2*n + 5*j, -j + 1 = -5*n + 16. Suppose -53 - 39 = -5*a + 3*h, -n*a = -h - 68. Calculate the remainder when 30 is divided by a.
14
Let d(k) = -k**3 + 7*k**2 + 3*k + 2. Suppose 52*h + 10*h - 19470 = -56*h. What is the remainder when h is divided by d(6)?
53
Suppose -5*w + 564 - 169 = 0. Let q = -920 + 924. Suppose 2*p = -5*n + w, -4 = -n - q*p + 1. What is the remainder when n is divided by 3?
2
Suppose -74 = -2*z + 16. Let g be 5/(-2)*8/(-10). Calculate the remainder when z is divided by (-1)/(3/2)*(-48)/g.
13
Suppose -4*y + 7*y + 132 = 0. What is the remainder when (4 - 16)*y/6 is divided by 1 + 33/2 - (-5)/10?
16
Suppose 4*p - 121 + 61 = 0. Let s = -99 - -142. Calculate the remainder when s is divided by p.
13
Suppose 35*q - 31*q + 5*f - 613 = 0, -4*f - 797 = -5*q. What is the remainder when q is divided by 71?
15
Let w = 458 + -407. What is the remainder when w is divided by 22?
7
Suppose 14 = -4*b + 2*b. Let l = 6 - b. Calculate the remainder when 51 is divided by l.
12
Suppose -5*i + 4 + 11 = 0. Suppose 4 = -j + 3*j. Suppose j*g - 131 = i. Calculate the remainder when g is divided by 14.
11
Let i(c) = 4*c + 9. Suppose -4*b + 2*o + 20 = 0, 2*b + 3*b - 43 = -2*o. Calculate the remainder when i(b) is divided by 14.
9
Let d(a) = -31*a + 705. Calculate the remainder when d(17) is divided by 80.
18
Suppose -13*a + 3*a = -790. Calculate the remainder when a is divided by 8.
7
Let o(s) = 5*s**2 - 10*s - 13. What is the remainder when ((-2)/3)/(12/(-1422)) is divided by o(4)?
25
Suppose -52 - 23 = -5*z. What is the remainder when 131 is divided by z?
11
Let i = 92 + -83. Suppose 4*z - i*z + x + 84 = 0, 21 = z + 4*x. Calculate the remainder when 47 is divided by z.
13
Suppose 3*k - r = -2*r - 20, -4*k = 5*r + 12. What is the remainder when 10 is divided by ((-5)/(-1))/(6/(-48)*k)?
0
Let q = 433 - 256. Suppose 4*x = 3*j - 170, -3*j - 3*x = -0*x - q. What is the remainder when j is divided by 32?
26
Suppose 0 = 2*c - 3*h + 1057 - 1083, 5*h = 2*c - 34. What is the remainder when c is divided by -1 + -1 + 1 + 3?
1
Suppose 8*p - 64 = 160. Suppose 0*s = s - 55. Calculate the remainder when s is divided by p.
27
Suppose 0 = 13*r - 196 - 1663. Calculate the remainder when r is divided by 53.
37
Suppose 3*i - 39 = -0*i. Suppose b - i - 11 = 0. Suppose 2*f - 2*d = b, 0 = 4*f + f + 3*d - 44. Calculate the remainder when f is divided by 4.
2
Let g(b) = 5*b - 19. Let j(p) = -6*p - 62. Calculate the remainder when j(-13) is divided by g(5).
4
Let b(w) = -6*w - 23. Suppose u = -2*p - 7, -4*u - 5*p + 11 = 39. What is the remainder when 73 is divided by b(u)?
16
Suppose 21*d - 148 = 125. What is the remainder when 71 is divided by d?
6
Suppose 2*s = -4, 5*s = h + 4*s - 100. Calculate the remainder when h is divided by (-154)/(-693) - (-322)/9.
26
Suppose 0 = 10*f + 10 - 180. Suppose 3*c + c - w = -245, -3*w = -4*c - 255. Let y = -28 - c. Calculate the remainder when y is divided by f.
15
Suppose 2*h - 4*h + 28 = 0. Let i = 366 + -331. What is the remainder when i is divided by h?
7
Let w be (-63)/(-4) + (-2)/(-8). Let s = 86 - w. Let i = 56 + -38. Calculate the remainder when s is divided by i.
16
Let b = -604 - -732. What is the remainder when 499 is divided by b?
115
Let i be ((-60)/(-25) + -3)/((-1)/5). Suppose 4*a + 0*a - 16 = 0. What is the remainder when (5/a)/(i/108) is divided by 16?
13
Suppose -2*j + 3*i = -142, 0 = -5*j - 5*i - 0*i + 355. Calculate the remainder when 425 is divided by j.
70
Let p(y) = -26 + y + 21 + 6*y - 3*y + y**2. Calculate the remainder when 41 is divided by p(3).
9
Suppose -225*a = -216*a - 18. Let y(m) = m**2 + m - 5. What is the remainder when y(-4) is divided by a?
1
Let j(c) = c**2 - c + 56. Let a be j(0). Suppose 3*w - 27 = -2*t, -w - a = -5*w + 4*t. Calculate the remainder when w is divided by 7.
4
Suppose -282*u + 91 = -269*u. Calculate the remainder when 10 is divided by u.
3
Suppose -5*o - 70 = 2*g - 6*g, -5*g = -4*o - 83. Suppose -9 = q - 3. What is the remainder when (-1)/q - (-694)/12 is divided by g?
13
Let k = 30 - 24. Let g(i) = 5*i**3 - 5*i**2 - 4*i - 1. What is the remainder when g(3) is divided by k?
5
Let f(w) = -w - 12. Let v(z) = z**2 - 13*z + 13. Let d be v(10). Calculate the remainder when 8 is divided by f(d).
3
Suppose 0 = 2*u - 4